{"id":3859,"date":"2025-03-27T13:49:27","date_gmt":"2025-03-27T12:49:27","guid":{"rendered":"http:\/\/gasthof-pension-jaeger.at.cloud9-vm116.server-routing.com\/?page_id=3859"},"modified":"2025-03-27T15:33:26","modified_gmt":"2025-03-27T14:33:26","slug":"datenschutzerklaerung","status":"publish","type":"page","link":"https:\/\/gasthof-pension-jaeger.at\/?page_id=3859","title":{"rendered":"Datenschutzerkl\u00e4rung"},"content":{"rendered":"\t\t<div data-elementor-type=\"wp-page\" data-elementor-id=\"3859\" class=\"elementor elementor-3859\" data-elementor-post-type=\"page\">\n\t\t\t\t<div class=\"elementor-element elementor-element-484e539 e-flex e-con-boxed e-con e-parent\" data-id=\"484e539\" data-element_type=\"container\">\n\t\t\t\t\t<div class=\"e-con-inner\">\n\t\t\t\t<div class=\"elementor-element elementor-element-973eae5 elementor-widget elementor-widget-heading\" data-id=\"973eae5\" data-element_type=\"widget\" data-widget_type=\"heading.default\">\n\t\t\t\t\t<h2 class=\"elementor-heading-title elementor-size-default\">Datenschutzerkl\u00e4rung<\/h2>\t\t\t\t<\/div>\n\t\t\t\t\t<\/div>\n\t\t\t\t<\/div>\n\t\t<div class=\"elementor-element elementor-element-68cb632 e-flex e-con-boxed e-con e-parent\" data-id=\"68cb632\" data-element_type=\"container\">\n\t\t\t\t\t<div class=\"e-con-inner\">\n\t\t\t\t<div class=\"elementor-element elementor-element-717b97d elementor-widget elementor-widget-text-editor\" data-id=\"717b97d\" data-element_type=\"widget\" data-widget_type=\"text-editor.default\">\n\t\t\t\t\t\t\t\t\t<p>Diese Datenschutzerkl\u00e4rung\u00a0 erkl\u00e4rt Ihnen gem\u00e4\u00df der Vorgaben der Datenschutz-Grundverordnung\u00a0 und dem Datenschutzgesetz (DSG), welche Informationen wir sammeln, wie wir Daten verwenden und welche Entscheidungsm\u00f6glichkeiten Sie als Besucher dieser Webseite haben.<\/p><p><strong>Stand der Datenschutzerkl\u00e4rung: M\u00e4rz 2025<\/strong><\/p><p><strong>Ihre Daten werden verarbeitet von:<\/strong><br \/><strong>Name:\u00a0<\/strong>Martin J\u00e4ger<br \/><strong>Stra\u00dfe Nr.:<\/strong>\u00a0Oberwinklernerweg 21<br \/><strong>PLZ, Ort, Land<\/strong>: 9231 K\u00f6stenberg K\u00e4rnten<br \/><strong>E-Mailadresse:<\/strong>\u00a0info@gasthof-pension-jaeger<\/p><p><strong>Arten der verarbeiteten Daten:<\/strong><br \/>Bestandsdaten (z.B., Namen, Adressen).<br \/>Kontaktdaten (z.B., E-Mail, Telefonnummern).<br \/>Meta-\/Kommunikationsdaten (z.B., Ger\u00e4te-Informationen, IP-Adressen).<\/p><p><strong>Verarbeitung besonderer Kategorien von Daten (Art. 9 Abs. 1 DSGVO):<\/strong><br \/>Es werden keine besonderen Kategorien von Daten verarbeitet.<\/p><p><strong>Kategorien der von der Verarbeitung betroffenen Personen:<\/strong><br \/>Kunden, G\u00e4ste, Interessenten, Besucher und Nutzer des Onlineangebotes, Gesch\u00e4ftspartner.<\/p><p>Nachfolgend bezeichnen wir die betroffenen Personen zusammenfassend auch als \u201eNutzer\u201c.<\/p><p><strong>Verwendete Begrifflichkeiten<\/strong><br \/>1.\u201ePersonenbezogene Daten\u201c sind alle Informationen, die sich auf eine identifizierte oder identifizierbare nat\u00fcrliche Person (im Folgenden \u201ebetroffene Person\u201c) beziehen; als identifizierbar wird eine nat\u00fcrliche Person angesehen, die direkt oder indirekt, insbesondere mittels Zuordnung zu einer Kennung wie einem Namen, zu einer Kennnummer, zu Standortdaten, zu einer Online-Kennung (z.B. Cookie) oder zu einem oder mehreren besonderen Merkmalen identifiziert werden kann, die Ausdruck der physischen, physiologischen, genetischen, psychischen, wirtschaftlichen, kulturellen oder sozialen Identit\u00e4t dieser nat\u00fcrlichen Person sind.<\/p><ol start=\"2\"><li>Verarbeitung\u201c ist jeder mit oder ohne Hilfe automatisierter Verfahren ausgef\u00fchrten Vorgang oder jede solche Vorgangsreihe im Zusammenhang mit personenbezogenen Daten. Der Begriff reicht weit und umfasst praktisch jeden Umgang mit Daten.<\/li><li>Als \u201eVerantwortlicher\u201c wird die nat\u00fcrliche oder juristische Person, Beh\u00f6rde, Einrichtung oder andere Stelle, die allein oder gemeinsam mit anderen \u00fcber die Zwecke und Mittel der Verarbeitung von personenbezogenen Daten entscheidet, bezeichnet.<\/li><\/ol><p><strong>Ma\u00dfgebliche Rechtsgrundlagen<\/strong><br \/>Nach Ma\u00dfgabe des Art. 13 DSGVO teilen wir Ihnen die Rechtsgrundlagen unserer Datenverarbeitungen mit. Sofern die Rechtsgrundlage in der Datenschutzerkl\u00e4rung nicht genannt wird, gilt Folgendes: Die Rechtsgrundlage f\u00fcr die Einholung von Einwilligungen ist Art. 6 Abs. 1 lit. a und Art. 7 DSGVO, die Rechtsgrundlage f\u00fcr die Verarbeitung zur Erf\u00fcllung unserer Leistungen und Durchf\u00fchrung vertraglicher Ma\u00dfnahmen sowie Beantwortung von Anfragen ist Art. 6 Abs. 1 lit. b DSGVO, die Rechtsgrundlage f\u00fcr die Verarbeitung zur Erf\u00fcllung unserer rechtlichen Verpflichtungen ist Art. 6 Abs. 1 lit. c DSGVO, und die Rechtsgrundlage f\u00fcr die Verarbeitung zur Wahrung unserer berechtigten Interessen ist Art. 6 Abs. 1 lit. f DSGVO. F\u00fcr den Fall, dass lebenswichtige Interessen der betroffenen Person oder einer anderen nat\u00fcrlichen Person eine Verarbeitung personenbezogener Daten erforderlich machen, dient Art. 6 Abs. 1 lit. d DSGVO als Rechtsgrundlage.<\/p><p><strong>\u00c4nderungen und Aktualisierungen der Datenschutzerkl\u00e4rung<\/strong><br \/>Wir bitten Sie sich regelm\u00e4\u00dfig \u00fcber den Inhalt unserer Datenschutzerkl\u00e4rung zu informieren. Wir passen die Datenschutzerkl\u00e4rung an, sobald die \u00c4nderungen der von uns durchgef\u00fchrten Datenverarbeitungen dies erforderlich machen. Wir informieren Sie, sobald durch die \u00c4nderungen eine Mitwirkungshandlung Ihrerseits (z.B. Einwilligung) oder eine sonstige individuelle Benachrichtigung erforderlich wird.<\/p><p><strong>Sicherheitsma\u00dfnahmen<\/strong><br \/>Wir treffen nach Ma\u00dfgabe des Art. 32 DSGVO unter Ber\u00fccksichtigung des Stands der Technik, der Implementierungskosten und der Art, des Umfangs, der Umst\u00e4nde und der Zwecke der Verarbeitung sowie der unterschiedlichen Eintrittswahrscheinlichkeit und Schwere des Risikos f\u00fcr die Rechte und Freiheiten nat\u00fcrlicher Personen, geeignete technische und organisatorische Ma\u00dfnahmen, um ein dem Risiko angemessenes Schutzniveau zu gew\u00e4hrleisten; Zu den Ma\u00dfnahmen geh\u00f6ren insbesondere die Sicherung der Vertraulichkeit, Integrit\u00e4t und Verf\u00fcgbarkeit von Daten durch Kontrolle des physischen Zugangs zu den Daten, als auch des sie betreffenden Zugriffs, der Eingabe, Weitergabe, der Sicherung der Verf\u00fcgbarkeit und ihrer Trennung. Des Weiteren haben wir Verfahren eingerichtet, die eine Wahrnehmung von Betroffenenrechten, L\u00f6schung von Daten und Reaktion auf Gef\u00e4hrdung der Daten gew\u00e4hrleisten. Ferner ber\u00fccksichtigen wir den Schutz personenbezogener Daten bereits bei der Entwicklung, bzw. Auswahl von Hardware, Software sowie Verfahren, entsprechend dem Prinzip des Datenschutzes durch Technikgestaltung und durch datenschutzfreundliche Voreinstellungen ber\u00fccksichtigt (Art. 25 DSGVO).<br \/>Zu den Sicherheitsma\u00dfnahmen geh\u00f6rt insbesondere die verschl\u00fcsselte \u00dcbertragung von Daten zwischen Ihrem Browser und unserem Server. (Durch den Einsatz von TLS (Transport Layer Security), einem Verschl\u00fcsselungsprotokoll zur sicheren Daten\u00fcbertragung )<\/p><p><strong>Offenlegung und \u00dcbermittlung von Daten<\/strong><br \/>Sofern wir im Rahmen unserer Verarbeitung Daten gegen\u00fcber anderen Personen und Unternehmen (Auftragsverarbeitern oder Dritten) offenbaren, sie an diese \u00fcbermitteln oder ihnen sonst Zugriff auf die Daten gew\u00e4hren, erfolgt dies nur auf Grundlage einer gesetzlichen Erlaubnis (z.B. wenn eine \u00dcbermittlung der Daten an Dritte, wie an Zahlungsdienstleister, gem. Art. 6 Abs. 1 lit. b DSGVO zur Vertragserf\u00fcllung erforderlich ist), Sie eingewilligt haben, eine rechtliche Verpflichtung dies vorsieht oder auf Grundlage unserer berechtigten Interessen (z.B. beim Einsatz von Beauftragten, Hostinganbietern, Steuer-, Wirtschafts- und Rechtsberatern, Kundenpflege-, Buchf\u00fchrungs-, Abrechnungs- und \u00e4hnlichen Diensten, die uns eine effiziente und effektive Erf\u00fcllung unserer Vertragspflichten, Verwaltungsaufgaben und Pflichten erlauben). Sofern wir Dritte mit der Verarbeitung von Daten auf Grundlage eines sog. \u201eAuftragsverarbeitungsvertrages\u201c beauftragen, geschieht dies auf Grundlage des Art. 28 DSGVO.<\/p><p><strong>\u00dcbermittlungen in Drittl\u00e4nder<\/strong><br \/>Sofern wir Daten in einem Drittland (d.h. au\u00dferhalb der Europ\u00e4ischen Union (EU) oder des Europ\u00e4ischen Wirtschaftsraums (EWR)) verarbeiten oder dies im Rahmen der Inanspruchnahme von Diensten Dritter oder Offenlegung, bzw. \u00dcbermittlung von Daten an Dritte geschieht, erfolgt dies nur, wenn es zur Erf\u00fcllung unserer (vor)vertraglichen Pflichten, auf Grundlage Ihrer Einwilligung, aufgrund einer rechtlichen Verpflichtung oder auf Grundlage unserer berechtigten Interessen geschieht. Vorbehaltlich gesetzlicher oder vertraglicher Erlaubnisse, verarbeiten oder lassen wir die Daten in einem Drittland nur beim Vorliegen der besonderen Voraussetzungen der Art. 44 ff. DSGVO verarbeiten. D.h. die Verarbeitung erfolgt z.B. auf Grundlage besonderer Garantien, wie der offiziell anerkannten Feststellung eines der EU entsprechenden Datenschutzniveaus (z.B. f\u00fcr die USA durch das \u201ePrivacy Shield\u201c) oder Beachtung offiziell anerkannter spezieller vertraglicher Verpflichtungen (so genannte \u201eStandardvertragsklauseln\u201c).<\/p><p><strong>Rechte der betroffenen Personen<\/strong><br \/>Sie haben das Recht, eine Best\u00e4tigung dar\u00fcber zu verlangen, ob betreffende Daten verarbeitet werden und auf Auskunft \u00fcber diese Daten sowie auf weitere Informationen und Kopie der Daten entsprechend Art. 15 DSGVO.<\/p><p>Sie haben entsprechend. Art. 16 DSGVO das Recht, die Vervollst\u00e4ndigung der Sie betreffenden Daten oder die Berichtigung der Sie betreffenden unrichtigen Daten zu verlangen.<\/p><p>Sie haben nach Ma\u00dfgabe des Art. 17 DSGVO das Recht zu verlangen, dass betreffende Daten unverz\u00fcglich gel\u00f6scht werden, bzw. alternativ nach Ma\u00dfgabe des Art. 18 DSGVO eine Einschr\u00e4nkung der Verarbeitung der Daten zu verlangen.<\/p><p>Sie haben das Recht zu verlangen, dass die Sie betreffenden Daten, die Sie uns bereitgestellt haben nach Ma\u00dfgabe des Art. 20 DSGVO zu erhalten und deren \u00dcbermittlung an andere Verantwortliche zu fordern.<\/p><p>Sie haben ferner gem. Art. 77 DSGVO das Recht, eine Beschwerde bei der zust\u00e4ndigen Aufsichtsbeh\u00f6rde einzureichen.<\/p><p><strong>Widerrufsrecht<\/strong><br \/>Sie haben das Recht, erteilte Einwilligungen gem. Art. 7 Abs. 3 DSGVO mit Wirkung f\u00fcr die Zukunft zu widerrufen.<\/p><p><strong>Widerspruchsrecht<\/strong><br \/>Sie k\u00f6nnen der k\u00fcnftigen Verarbeitung der Sie betreffenden Daten nach Ma\u00dfgabe des Art. 21 DSGVO jederzeit widersprechen. Der Widerspruch kann insbesondere gegen die Verarbeitung f\u00fcr Zwecke der Direktwerbung erfolgen.<\/p><p><strong>Einsatz von Cookies<\/strong><br \/>Cookies sind Textdateien, die Daten\u00a0 besuchter Webseiten oder Domains enthalten und von einem Browser auf dem Computer des Nutzers gespeichert werden. Cookies richten auf Ihrem Endger\u00e4t keinen Schaden an, sondern dient in erster Linie dazu, die Informationen \u00fcber einen Nutzer w\u00e4hrend oder nach seinem Besuch innerhalb eines Onlineangebotes zu speichern. Zu den gespeicherten Angaben k\u00f6nnen z.B. die Spracheinstellungen auf einer Webseite, oder der Loginstatus geh\u00f6ren. Zu dem Begriff der Cookies z\u00e4hlen wir au\u00dferdem auch andere Technologien, die dieselben Funktionen wie Cookies erf\u00fcllen (z.B., Nutzer-IDs\u00a0 \u2013 Angaben der Nutzer die anhand pseudonymer Onlinekennzeichnungen gespeichert werden)<\/p><p>Die folgenden Cookie-Typen und Funktionen werden unterschieden:<\/p><p>Tempor\u00e4re Cookies, auch als Session- oder Sitzungs-Cookies bezeichnet: Tempor\u00e4re Cookies werden sp\u00e4testens gel\u00f6scht, nachdem ein Nutzer ein Online-Angebot verlassen und seinen Browser geschlossen hat.<br \/>Permanente Cookies: Permanente Cookies bleiben auf Ihrem Endger\u00e4t gespeichert bis Sie diese selbst l\u00f6schen oder eine automatische L\u00f6sung durch Ihren Webbrowser erfolgt. So kann beispielsweise der Login-Status gespeichert oder bevorzugte Inhalte direkt angezeigt werden, wenn der Nutzer eine Website erneut besucht.<br \/>First-Party-Cookies: First-Party-Cookies werden von uns selbst gesetzt.<br \/>Third-Party-Cookies, auch als Drittanbieter-Cookies bezeichnet: Drittanbieter-Cookies werden haupts\u00e4chlich von Werbetreibenden (sog. Dritten) verwendet, um Benutzerinformationen zu verarbeiten.<br \/>Notwendige, auch als essentielle oder unbedingt erforderliche \u00a0Cookies bezeichnet: Cookies k\u00f6nnen zum einen f\u00fcr den Betrieb einer Webseite unbedingt erforderlich sein z.B. um Logins oder andere Nutzereingaben zu speichern oder aus Sicherheitsgr\u00fcnden.<br \/>Statistik-, Marketing- und Personalisierungs-Cookies: Ferner werden Cookies im Regelfall auch im Rahmen der Reichweitenmessung eingesetzt sowie dann, wenn die Interessen eines Nutzers oder sein Verhalten (z.B. Betrachten bestimmter Inhalte, Nutzen von Funktionen etc.) auf einzelnen Webseiten in einem Nutzerprofil gespeichert werden. Solche Profile dienen dazu, den Nutzern z.B. Inhalte anzuzeigen, die ihren potentiellen Interessen entsprechen. Dieses Verfahren wird auch als \u201eTracking\u201c, d.h., Nachverfolgung der potentiellen Interessen der Nutzer bezeichnet. Diese Art von Cookies werden auf unserer Webseite nicht gesetzt \u2013 Wir verwenden kein Google Analytics, keine Facebook-Pixel, und auch keine anderen sonstige Trackingcookies.<br \/>Welche und ob Sie Cookies verwenden wollen, k\u00f6nnen Sie selbst bestimmen. Sie haben die M\u00f6glichkeit\u00a0Cookies zu l\u00f6schen, zu deaktivieren oder nur teilweise zuzulassen. Zum Beispiel k\u00f6nnen Sie nur Cookies von Drittanbietern blockieren, aber alle anderen Cookies zulassen.<\/p><p>Sie k\u00f6nnen auch Ihren Browser so einstellen, dass Sie \u00fcber das Setzen von Cookies informiert werden und Cookies nur im Einzelfall erlauben, die Annahme von Cookies f\u00fcr bestimmte F\u00e4lle oder generell ausschlie\u00dfen sowie das automatische L\u00f6schen der Cookies beim Schlie\u00dfen des Browsers aktivieren.<\/p><p>Wenn Sie feststellen m\u00f6chten, welche Cookies in Ihrem Browser gespeichert wurden, wenn Sie Cookie-Einstellungen \u00e4ndern oder l\u00f6schen wollen, k\u00f6nnen Sie dies in Ihren Browser-Einstellungen finden:<\/p><p>Chrome:<a href=\"https:\/\/support.google.com\/chrome\/answer\/95647?tid=211107671\">\u00a0Cookies in Chrome l\u00f6schen, aktivieren und verwalten<\/a><br \/>Safari:\u00a0<a href=\"https:\/\/support.apple.com\/de-at\/guide\/safari\/sfri11471\/mac?tid=211107671\">Verwalten von Cookies und Websitedaten mit Safari<\/a><br \/>Firefox:\u00a0<a href=\"https:\/\/support.mozilla.org\/de\/kb\/cookies-und-website-daten-in-firefox-loschen?tid=211107671\">Cookies l\u00f6schen, um Daten zu entfernen, die Websites auf Ihrem Computer abgelegt haben<\/a><br \/>Internet Explorer:\u00a0<a href=\"https:\/\/support.microsoft.com\/de-de\/topic\/l%C3%B6schen-und-verwalten-von-cookies-168dab11-0753-043d-7c16-ede5947fc64d\">L\u00f6schen und Verwalten von Cookies<\/a><br \/>Microsoft Edge:\u00a0<a href=\"https:\/\/support.microsoft.com\/de-de\/microsoft-edge\/cookies-in-microsoft-edge-l%C3%B6schen-63947406-40ac-c3b8-57b9-2a946a29ae09\">L\u00f6schen und Verwalten von Cookies<\/a><\/p><p><strong>L\u00f6schung von Daten<\/strong><br \/>Die von uns verarbeiteten Daten werden nach Ma\u00dfgabe der Art. 17 und 18 DSGVO gel\u00f6scht oder in ihrer Verarbeitung eingeschr\u00e4nkt. Sofern nicht im Rahmen dieser Datenschutzerkl\u00e4rung ausdr\u00fccklich angegeben, werden die bei uns gespeicherten Daten gel\u00f6scht, sobald sie f\u00fcr ihre Zweckbestimmung nicht mehr erforderlich sind und der L\u00f6schung keine gesetzlichen Aufbewahrungspflichten entgegenstehen. Sofern die Daten nicht gel\u00f6scht werden, weil sie f\u00fcr andere und gesetzlich zul\u00e4ssige Zwecke erforderlich sind, wird deren Verarbeitung eingeschr\u00e4nkt. D.h. die Daten werden gesperrt und nicht f\u00fcr andere Zwecke verarbeitet. Das gilt z.B. f\u00fcr Daten, die aus handels- oder steuerrechtlichen Gr\u00fcnden aufbewahrt werden m\u00fcssen. Nach gesetzlichen Vorgaben erfolgt die Aufbewahrung insbesondere f\u00fcr 7 J gem\u00e4\u00df \u00a7 132 Abs. 1 BAO<\/p><p><strong>Kontaktaufnahme<\/strong><br \/>Kommunikation via Post, E-Mail,\u00a0 oder Telefon<br \/>Wir nutzen f\u00fcr die Gesch\u00e4ftsabwicklung und f\u00fcr Marketingzwecke Fernkommunikationsmittel, wie z.B. Post, Telefon oder E-Mail. Dabei verarbeiten wir Bestandsdaten, Adress- und Kontaktdaten .<\/p><p>Die Verarbeitung erfolgt auf Grundlage des Art. 6 Abs. 1 lit. a, Art. 7 DSGVO, Art. 6 Abs. 1 lit. f DSGVO. Die Kontaktaufnahme erfolgt nur mit Einwilligung der Kontaktpartner oder im Rahmen der gesetzlichen Erlaubnisse und die verarbeiteten Daten werden gel\u00f6scht, sobald sie nicht erforderlich sind und ansonsten mit Widerspruch\/ Widerruf oder Wegfall der Berechtigungsgrundlagen oder gesetzlicher Archivierungspflichten.<\/p><p>Wir l\u00f6schen die Anfragen, sofern diese nicht mehr erforderlich sind. Wir \u00fcberpr\u00fcfen die Erforderlichkeit alle zwei Jahre;<\/p><p><strong>Kontaktformular<\/strong><br \/>Wenn Sie unser Kontaktformular benutzen, werden Ihre Angaben aus dem Anfrageformular inklusive der von Ihnen dort angegebenen Kontaktdaten zwecks Bearbeitung der Anfrage und f\u00fcr den Fall von Anschlussfragen bei uns gespeichert.<br \/>Mit dem Eingeben Ihrer Daten in das Kontaktformular stimmen Sie zu, dass Ihre Daten (Ihr Name und Ihre Email-adresse) bei Gasthof-Pension-J\u00e4ger, 9231 K\u00f6stenberg\u00a0 gespeichert werden. Diese Einwilligung kann jederzeit per e-mail an info@gasthof-pension-jaeger.at widerrufen werden. Die Verarbeitung der in das Kontaktformular eingegebenen Daten erfolgt somit ausschlie\u00dflich auf Grundlage Ihrer Einwilligung (Art. 6 Abs. 1 lit. a DSGVO). Die Rechtm\u00e4\u00dfigkeit der bis zum Widerruf erfolgten Datenverarbeitungsvorg\u00e4nge bleibt vom Widerruf unber\u00fchrt.Gleichzeitig best\u00e4tigen Sie bei der Nutzung des Kontaktformulares , dass Sie das 14. Lebensjahr vollendet haben.<\/p><p><strong>Erhebung von Zugriffsdaten und Logfiles<\/strong><br \/>Wir erheben auf Grundlage unserer berechtigten Interessen im Sinne des Art. 6 Abs. 1 lit. f. DSGVO Daten \u00fcber jeden Zugriff auf den Server, auf dem sich dieser Dienst befindet (sogenannte Serverlogfiles). Zu den Zugriffsdaten geh\u00f6ren<\/p><p>Name der abgerufenen Webseite<br \/>Datei<br \/>Datum und Uhrzeit des Abrufs<br \/>\u00fcbertragene Datenmenge<br \/>Meldung \u00fcber erfolgreichen Abruf<br \/>Browsertyp nebst Version, das Betriebssystem des Nutzers<br \/>Referrer URL (die zuvor besuchte Seite)<br \/>IP-Adresse und der anfragende Provider.<\/p><p>\u00a0<\/p>\t\t\t\t\t\t\t\t<\/div>\n\t\t\t\t\t<\/div>\n\t\t\t\t<\/div>\n\t\t<div class=\"elementor-element elementor-element-736e6a6 e-flex e-con-boxed e-con e-parent\" data-id=\"736e6a6\" data-element_type=\"container\">\n\t\t\t\t\t<div class=\"e-con-inner\">\n\t\t\t\t<div class=\"elementor-element elementor-element-988fa94 elementor-widget elementor-widget-spacer\" data-id=\"988fa94\" data-element_type=\"widget\" data-widget_type=\"spacer.default\">\n\t\t\t\t\t\t\t<div class=\"elementor-spacer\">\n\t\t\t<div class=\"elementor-spacer-inner\"><\/div>\n\t\t<\/div>\n\t\t\t\t\t\t<\/div>\n\t\t\t\t\t<\/div>\n\t\t\t\t<\/div>\n\t\t\t\t<\/div>\n\t\t","protected":false},"excerpt":{"rendered":"<p>Datenschutzerkl\u00e4rung Diese Datenschutzerkl\u00e4rung\u00a0 erkl\u00e4rt Ihnen gem\u00e4\u00df der Vorgaben der Datenschutz-Grundverordnung\u00a0 und dem Datenschutzgesetz (DSG), welche Informationen wir sammeln, wie wir Daten verwenden und welche Entscheidungsm\u00f6glichkeiten Sie als Besucher dieser Webseite haben. Stand der Datenschutzerkl\u00e4rung: M\u00e4rz 2025 Ihre Daten werden verarbeitet von:Name:\u00a0Martin J\u00e4gerStra\u00dfe Nr.:\u00a0Oberwinklernerweg 21PLZ, Ort, Land: 9231 K\u00f6stenberg K\u00e4rntenE-Mailadresse:\u00a0info@gasthof-pension-jaeger Arten der verarbeiteten Daten:Bestandsdaten (z.B., Namen,&hellip;<\/p>\n","protected":false},"author":1,"featured_media":0,"parent":0,"menu_order":0,"comment_status":"closed","ping_status":"closed","template":"","meta":{"footnotes":""},"class_list":["post-3859","page","type-page","status-publish","hentry"],"_links":{"self":[{"href":"https:\/\/gasthof-pension-jaeger.at\/index.php?rest_route=\/wp\/v2\/pages\/3859","targetHints":{"allow":["GET"]}}],"collection":[{"href":"https:\/\/gasthof-pension-jaeger.at\/index.php?rest_route=\/wp\/v2\/pages"}],"about":[{"href":"https:\/\/gasthof-pension-jaeger.at\/index.php?rest_route=\/wp\/v2\/types\/page"}],"author":[{"embeddable":true,"href":"https:\/\/gasthof-pension-jaeger.at\/index.php?rest_route=\/wp\/v2\/users\/1"}],"replies":[{"embeddable":true,"href":"https:\/\/gasthof-pension-jaeger.at\/index.php?rest_route=%2Fwp%2Fv2%2Fcomments&post=3859"}],"version-history":[{"count":10,"href":"https:\/\/gasthof-pension-jaeger.at\/index.php?rest_route=\/wp\/v2\/pages\/3859\/revisions"}],"predecessor-version":[{"id":3893,"href":"https:\/\/gasthof-pension-jaeger.at\/index.php?rest_route=\/wp\/v2\/pages\/3859\/revisions\/3893"}],"wp:attachment":[{"href":"https:\/\/gasthof-pension-jaeger.at\/index.php?rest_route=%2Fwp%2Fv2%2Fmedia&parent=3859"}],"curies":[{"name":"wp","href":"https:\/\/api.w.org\/{rel}","templated":true}]}}