{"id":3803,"date":"2025-03-26T17:57:27","date_gmt":"2025-03-26T16:57:27","guid":{"rendered":"http:\/\/gasthof-pension-jaeger.at.cloud9-vm116.server-routing.com\/?page_id=3803"},"modified":"2025-05-05T14:28:45","modified_gmt":"2025-05-05T12:28:45","slug":"golf","status":"publish","type":"page","link":"https:\/\/gasthof-pension-jaeger.at\/?page_id=3803","title":{"rendered":"Golf"},"content":{"rendered":"\t\t<div data-elementor-type=\"wp-page\" data-elementor-id=\"3803\" class=\"elementor elementor-3803\" data-elementor-post-type=\"page\">\n\t\t\t\t<div class=\"elementor-element elementor-element-b1b2410 e-flex e-con-boxed e-con e-parent\" data-id=\"b1b2410\" data-element_type=\"container\">\n\t\t\t\t\t<div class=\"e-con-inner\">\n\t\t\t\t<div class=\"elementor-element elementor-element-141b4ed elementor-widget elementor-widget-spacer\" data-id=\"141b4ed\" data-element_type=\"widget\" data-widget_type=\"spacer.default\">\n\t\t\t\t\t\t\t<div class=\"elementor-spacer\">\n\t\t\t<div class=\"elementor-spacer-inner\"><\/div>\n\t\t<\/div>\n\t\t\t\t\t\t<\/div>\n\t\t\t\t\t<\/div>\n\t\t\t\t<\/div>\n\t\t<div class=\"elementor-element elementor-element-3d142f6 e-flex e-con-boxed e-con e-parent\" data-id=\"3d142f6\" data-element_type=\"container\">\n\t\t\t\t\t<div class=\"e-con-inner\">\n\t\t<div class=\"elementor-element elementor-element-0c583a0 e-con-full e-flex e-con e-child\" data-id=\"0c583a0\" data-element_type=\"container\">\n\t\t\t\t<div class=\"elementor-element elementor-element-7923eec elementor-widget elementor-widget-image\" data-id=\"7923eec\" data-element_type=\"widget\" data-widget_type=\"image.default\">\n\t\t\t\t\t\t\t\t\t\t\t\t\t\t\t<img fetchpriority=\"high\" decoding=\"async\" width=\"800\" height=\"532\" src=\"https:\/\/gasthof-pension-jaeger.at\/wp-content\/uploads\/2025\/03\/seengolf_1.jpg\" class=\"attachment-full size-full wp-image-3809\" alt=\"\" srcset=\"https:\/\/gasthof-pension-jaeger.at\/wp-content\/uploads\/2025\/03\/seengolf_1.jpg 800w, https:\/\/gasthof-pension-jaeger.at\/wp-content\/uploads\/2025\/03\/seengolf_1-300x200.jpg 300w, https:\/\/gasthof-pension-jaeger.at\/wp-content\/uploads\/2025\/03\/seengolf_1-768x511.jpg 768w\" sizes=\"(max-width: 800px) 100vw, 800px\" \/>\t\t\t\t\t\t\t\t\t\t\t\t\t\t\t<\/div>\n\t\t\t\t<\/div>\n\t\t<div class=\"elementor-element elementor-element-ab51dd3 e-con-full e-flex e-con e-child\" data-id=\"ab51dd3\" data-element_type=\"container\">\n\t\t\t\t<div class=\"elementor-element elementor-element-ec98050 elementor-widget elementor-widget-heading\" data-id=\"ec98050\" data-element_type=\"widget\" data-widget_type=\"heading.default\">\n\t\t\t\t\t<h3 class=\"elementor-heading-title elementor-size-default\">Abwechslungsreiches Golfvergn\u00fcgen zwischen Bergen<\/h3>\t\t\t\t<\/div>\n\t\t\t\t<div class=\"elementor-element elementor-element-7b3f348 elementor-widget elementor-widget-text-editor\" data-id=\"7b3f348\" data-element_type=\"widget\" data-widget_type=\"text-editor.default\">\n\t\t\t\t\t\t\t\t\t<ul><li>Golfspa\u00df von M\u00e4rz bis November durch die s\u00fcdliche Vorzugslage<\/li><li>11 Pl\u00e4tze f\u00fcr jedes Handicap \u2013 Saftgr\u00fcne Fairways, gestriegelte Greens, atemberaubende Landschaftspanoramen, mediterranes Klima und gek\u00fchlte Drinks am 19. Loch<\/li><li>Pl\u00e4tze innerhalb Drive-Distanz &#8211; vom h\u00f6chst gelegenen Golfplatz in Bad Kleinkirchheim auf 1100 m Seeh\u00f6he \u00fcber die Pl\u00e4tze in den K\u00e4rntner Seenregionen bis zu den Partneranlagen in Italien ist es nur ein Katzensprung<\/li><li>Tolle \u00dcbungsanlagen und beste Pros<br \/>60 qualit\u00e4tsgepr\u00fcfte Hotelbetriebe aller Kategorien die sich auf golfende G\u00e4ste spezialisiert haben<\/li><li>In der Vor- und Nachsaison (Saisonbeginn bis Ende April und ab Oktober bis Saisonende) erhalten G\u00e4ste unseres Betriebes 30 % Greenfee-Erm\u00e4\u00dfigung auf der Leading Golfcours Velden\/K\u00f6stenberg!<\/li><\/ul>\t\t\t\t\t\t\t\t<\/div>\n\t\t\t\t<\/div>\n\t\t\t\t\t<\/div>\n\t\t\t\t<\/div>\n\t\t<div class=\"elementor-element elementor-element-b556ff6 e-flex e-con-boxed e-con e-parent\" data-id=\"b556ff6\" data-element_type=\"container\">\n\t\t\t\t\t<div class=\"e-con-inner\">\n\t\t\t\t<div class=\"elementor-element elementor-element-2912598 elementor-widget elementor-widget-text-editor\" data-id=\"2912598\" data-element_type=\"widget\" data-widget_type=\"text-editor.default\">\n\t\t\t\t\t\t\t\t\t<p><a href=\"https:\/\/www.golfvelden.at\/\" target=\"_blank\" rel=\"noopener\">Golfplatz Velden &#8211; K\u00f6stenberg<\/a><\/p>\t\t\t\t\t\t\t\t<\/div>\n\t\t\t\t\t<\/div>\n\t\t\t\t<\/div>\n\t\t<div class=\"elementor-element elementor-element-af5957c e-flex e-con-boxed e-con e-parent\" data-id=\"af5957c\" data-element_type=\"container\">\n\t\t\t\t\t<div class=\"e-con-inner\">\n\t\t\t\t<div class=\"elementor-element elementor-element-c0cc0b5 elementor-widget elementor-widget-spacer\" data-id=\"c0cc0b5\" data-element_type=\"widget\" data-widget_type=\"spacer.default\">\n\t\t\t\t\t\t\t<div class=\"elementor-spacer\">\n\t\t\t<div class=\"elementor-spacer-inner\"><\/div>\n\t\t<\/div>\n\t\t\t\t\t\t<\/div>\n\t\t\t\t\t<\/div>\n\t\t\t\t<\/div>\n\t\t\t\t<\/div>\n\t\t","protected":false},"excerpt":{"rendered":"<p>Abwechslungsreiches Golfvergn\u00fcgen zwischen Bergen Golfspa\u00df von M\u00e4rz bis November durch die s\u00fcdliche Vorzugslage 11 Pl\u00e4tze f\u00fcr jedes Handicap \u2013 Saftgr\u00fcne Fairways, gestriegelte Greens, atemberaubende Landschaftspanoramen, mediterranes Klima und gek\u00fchlte Drinks am 19. Loch Pl\u00e4tze innerhalb Drive-Distanz &#8211; vom h\u00f6chst gelegenen Golfplatz in Bad Kleinkirchheim auf 1100 m Seeh\u00f6he \u00fcber die Pl\u00e4tze in den K\u00e4rntner Seenregionen&hellip;<\/p>\n","protected":false},"author":1,"featured_media":0,"parent":12,"menu_order":0,"comment_status":"closed","ping_status":"closed","template":"","meta":{"footnotes":""},"class_list":["post-3803","page","type-page","status-publish","hentry"],"_links":{"self":[{"href":"https:\/\/gasthof-pension-jaeger.at\/index.php?rest_route=\/wp\/v2\/pages\/3803","targetHints":{"allow":["GET"]}}],"collection":[{"href":"https:\/\/gasthof-pension-jaeger.at\/index.php?rest_route=\/wp\/v2\/pages"}],"about":[{"href":"https:\/\/gasthof-pension-jaeger.at\/index.php?rest_route=\/wp\/v2\/types\/page"}],"author":[{"embeddable":true,"href":"https:\/\/gasthof-pension-jaeger.at\/index.php?rest_route=\/wp\/v2\/users\/1"}],"replies":[{"embeddable":true,"href":"https:\/\/gasthof-pension-jaeger.at\/index.php?rest_route=%2Fwp%2Fv2%2Fcomments&post=3803"}],"version-history":[{"count":13,"href":"https:\/\/gasthof-pension-jaeger.at\/index.php?rest_route=\/wp\/v2\/pages\/3803\/revisions"}],"predecessor-version":[{"id":4037,"href":"https:\/\/gasthof-pension-jaeger.at\/index.php?rest_route=\/wp\/v2\/pages\/3803\/revisions\/4037"}],"up":[{"embeddable":true,"href":"https:\/\/gasthof-pension-jaeger.at\/index.php?rest_route=\/wp\/v2\/pages\/12"}],"wp:attachment":[{"href":"https:\/\/gasthof-pension-jaeger.at\/index.php?rest_route=%2Fwp%2Fv2%2Fmedia&parent=3803"}],"curies":[{"name":"wp","href":"https:\/\/api.w.org\/{rel}","templated":true}]}}