{"id":3625,"date":"2025-03-25T12:15:27","date_gmt":"2025-03-25T11:15:27","guid":{"rendered":"http:\/\/gasthof-pension-jaeger.at.cloud9-vm116.server-routing.com\/?page_id=3625"},"modified":"2025-05-05T14:08:37","modified_gmt":"2025-05-05T12:08:37","slug":"gasthof","status":"publish","type":"page","link":"https:\/\/gasthof-pension-jaeger.at\/?page_id=3625","title":{"rendered":"Gasthof"},"content":{"rendered":"\t\t<div data-elementor-type=\"wp-page\" data-elementor-id=\"3625\" class=\"elementor elementor-3625\" data-elementor-post-type=\"page\">\n\t\t\t\t<div class=\"elementor-element elementor-element-63a02c8 e-flex e-con-boxed e-con e-parent\" data-id=\"63a02c8\" data-element_type=\"container\">\n\t\t\t\t\t<div class=\"e-con-inner\">\n\t\t\t\t<div class=\"elementor-element elementor-element-b3a62cf elementor-widget elementor-widget-spacer\" data-id=\"b3a62cf\" data-element_type=\"widget\" data-widget_type=\"spacer.default\">\n\t\t\t\t\t\t\t<div class=\"elementor-spacer\">\n\t\t\t<div class=\"elementor-spacer-inner\"><\/div>\n\t\t<\/div>\n\t\t\t\t\t\t<\/div>\n\t\t\t\t\t<\/div>\n\t\t\t\t<\/div>\n\t\t<div class=\"elementor-element elementor-element-24ee1de e-con-full e-flex e-con e-parent\" data-id=\"24ee1de\" data-element_type=\"container\">\n\t\t<div class=\"elementor-element elementor-element-457ec2f e-con-full e-flex e-con e-child\" data-id=\"457ec2f\" data-element_type=\"container\">\n\t\t\t\t<div class=\"elementor-element elementor-element-024efac elementor-widget elementor-widget-gallery\" data-id=\"024efac\" data-element_type=\"widget\" data-settings=\"{&quot;columns&quot;:3,&quot;lazyload&quot;:&quot;yes&quot;,&quot;gallery_layout&quot;:&quot;grid&quot;,&quot;columns_tablet&quot;:2,&quot;columns_mobile&quot;:1,&quot;gap&quot;:{&quot;unit&quot;:&quot;px&quot;,&quot;size&quot;:10,&quot;sizes&quot;:[]},&quot;gap_tablet&quot;:{&quot;unit&quot;:&quot;px&quot;,&quot;size&quot;:10,&quot;sizes&quot;:[]},&quot;gap_mobile&quot;:{&quot;unit&quot;:&quot;px&quot;,&quot;size&quot;:10,&quot;sizes&quot;:[]},&quot;link_to&quot;:&quot;file&quot;,&quot;aspect_ratio&quot;:&quot;3:2&quot;,&quot;overlay_background&quot;:&quot;yes&quot;,&quot;content_hover_animation&quot;:&quot;fade-in&quot;}\" data-widget_type=\"gallery.default\">\n\t\t\t\t\t\t\t<div class=\"elementor-gallery__container\">\n\t\t\t\t\t\t\t<a class=\"e-gallery-item elementor-gallery-item elementor-animated-content\" href=\"https:\/\/gasthof-pension-jaeger.at\/wp-content\/uploads\/2025\/03\/IMG-20250318-WA0021.jpg\" data-elementor-open-lightbox=\"yes\" data-elementor-lightbox-slideshow=\"024efac\" data-e-action-hash=\"#elementor-action%3Aaction%3Dlightbox%26settings%3DeyJpZCI6MzY2OSwidXJsIjoiaHR0cHM6XC9cL2dhc3Rob2YtcGVuc2lvbi1qYWVnZXIuYXRcL3dwLWNvbnRlbnRcL3VwbG9hZHNcLzIwMjVcLzAzXC9JTUctMjAyNTAzMTgtV0EwMDIxLmpwZyIsInNsaWRlc2hvdyI6IjAyNGVmYWMifQ%3D%3D\">\n\t\t\t\t\t<div class=\"e-gallery-image elementor-gallery-item__image\" data-thumbnail=\"https:\/\/gasthof-pension-jaeger.at\/wp-content\/uploads\/2025\/03\/IMG-20250318-WA0021.jpg\" data-width=\"2000\" data-height=\"1126\" aria-label=\"\" role=\"img\" ><\/div>\n\t\t\t\t\t\t\t\t\t\t\t<div class=\"elementor-gallery-item__overlay\"><\/div>\n\t\t\t\t\t\t\t\t\t\t\t\t\t\t<\/a>\n\t\t\t\t\t\t\t<a class=\"e-gallery-item elementor-gallery-item elementor-animated-content\" href=\"https:\/\/gasthof-pension-jaeger.at\/wp-content\/uploads\/2025\/03\/IMG-20250318-WA0005.jpg\" data-elementor-open-lightbox=\"yes\" data-elementor-lightbox-slideshow=\"024efac\" data-e-action-hash=\"#elementor-action%3Aaction%3Dlightbox%26settings%3DeyJpZCI6MzY2NiwidXJsIjoiaHR0cHM6XC9cL2dhc3Rob2YtcGVuc2lvbi1qYWVnZXIuYXRcL3dwLWNvbnRlbnRcL3VwbG9hZHNcLzIwMjVcLzAzXC9JTUctMjAyNTAzMTgtV0EwMDA1LmpwZyIsInNsaWRlc2hvdyI6IjAyNGVmYWMifQ%3D%3D\">\n\t\t\t\t\t<div class=\"e-gallery-image elementor-gallery-item__image\" data-thumbnail=\"https:\/\/gasthof-pension-jaeger.at\/wp-content\/uploads\/2025\/03\/IMG-20250318-WA0005.jpg\" data-width=\"1600\" data-height=\"1200\" aria-label=\"\" role=\"img\" ><\/div>\n\t\t\t\t\t\t\t\t\t\t\t<div class=\"elementor-gallery-item__overlay\"><\/div>\n\t\t\t\t\t\t\t\t\t\t\t\t\t\t<\/a>\n\t\t\t\t\t\t\t<a class=\"e-gallery-item elementor-gallery-item elementor-animated-content\" href=\"https:\/\/gasthof-pension-jaeger.at\/wp-content\/uploads\/2025\/03\/IMG-20250318-WA0020.jpg\" data-elementor-open-lightbox=\"yes\" data-elementor-lightbox-slideshow=\"024efac\" data-e-action-hash=\"#elementor-action%3Aaction%3Dlightbox%26settings%3DeyJpZCI6MzY2OCwidXJsIjoiaHR0cHM6XC9cL2dhc3Rob2YtcGVuc2lvbi1qYWVnZXIuYXRcL3dwLWNvbnRlbnRcL3VwbG9hZHNcLzIwMjVcLzAzXC9JTUctMjAyNTAzMTgtV0EwMDIwLmpwZyIsInNsaWRlc2hvdyI6IjAyNGVmYWMifQ%3D%3D\">\n\t\t\t\t\t<div class=\"e-gallery-image elementor-gallery-item__image\" data-thumbnail=\"https:\/\/gasthof-pension-jaeger.at\/wp-content\/uploads\/2025\/03\/IMG-20250318-WA0020.jpg\" data-width=\"2000\" data-height=\"1126\" aria-label=\"\" role=\"img\" ><\/div>\n\t\t\t\t\t\t\t\t\t\t\t<div class=\"elementor-gallery-item__overlay\"><\/div>\n\t\t\t\t\t\t\t\t\t\t\t\t\t\t<\/a>\n\t\t\t\t\t\t\t<a class=\"e-gallery-item elementor-gallery-item elementor-animated-content\" href=\"https:\/\/gasthof-pension-jaeger.at\/wp-content\/uploads\/2025\/03\/IMG-20250318-WA0019.jpg\" data-elementor-open-lightbox=\"yes\" data-elementor-lightbox-slideshow=\"024efac\" data-e-action-hash=\"#elementor-action%3Aaction%3Dlightbox%26settings%3DeyJpZCI6MzY2NywidXJsIjoiaHR0cHM6XC9cL2dhc3Rob2YtcGVuc2lvbi1qYWVnZXIuYXRcL3dwLWNvbnRlbnRcL3VwbG9hZHNcLzIwMjVcLzAzXC9JTUctMjAyNTAzMTgtV0EwMDE5LmpwZyIsInNsaWRlc2hvdyI6IjAyNGVmYWMifQ%3D%3D\">\n\t\t\t\t\t<div class=\"e-gallery-image elementor-gallery-item__image\" data-thumbnail=\"https:\/\/gasthof-pension-jaeger.at\/wp-content\/uploads\/2025\/03\/IMG-20250318-WA0019.jpg\" data-width=\"2000\" data-height=\"1126\" aria-label=\"\" role=\"img\" ><\/div>\n\t\t\t\t\t\t\t\t\t\t\t<div class=\"elementor-gallery-item__overlay\"><\/div>\n\t\t\t\t\t\t\t\t\t\t\t\t\t\t<\/a>\n\t\t\t\t\t\t\t<a class=\"e-gallery-item elementor-gallery-item elementor-animated-content\" href=\"https:\/\/gasthof-pension-jaeger.at\/wp-content\/uploads\/2025\/03\/IMG-20250318-WA0004.jpg\" data-elementor-open-lightbox=\"yes\" data-elementor-lightbox-slideshow=\"024efac\" data-e-action-hash=\"#elementor-action%3Aaction%3Dlightbox%26settings%3DeyJpZCI6MzY2NSwidXJsIjoiaHR0cHM6XC9cL2dhc3Rob2YtcGVuc2lvbi1qYWVnZXIuYXRcL3dwLWNvbnRlbnRcL3VwbG9hZHNcLzIwMjVcLzAzXC9JTUctMjAyNTAzMTgtV0EwMDA0LmpwZyIsInNsaWRlc2hvdyI6IjAyNGVmYWMifQ%3D%3D\">\n\t\t\t\t\t<div class=\"e-gallery-image elementor-gallery-item__image\" data-thumbnail=\"https:\/\/gasthof-pension-jaeger.at\/wp-content\/uploads\/2025\/03\/IMG-20250318-WA0004.jpg\" data-width=\"1600\" data-height=\"1200\" aria-label=\"\" role=\"img\" ><\/div>\n\t\t\t\t\t\t\t\t\t\t\t<div class=\"elementor-gallery-item__overlay\"><\/div>\n\t\t\t\t\t\t\t\t\t\t\t\t\t\t<\/a>\n\t\t\t\t\t\t\t<a class=\"e-gallery-item elementor-gallery-item elementor-animated-content\" href=\"https:\/\/gasthof-pension-jaeger.at\/wp-content\/uploads\/2025\/03\/552228_original_r_k_b_by_peter-smola_pixelio.d.jpg\" data-elementor-open-lightbox=\"yes\" data-elementor-lightbox-slideshow=\"024efac\" data-e-action-hash=\"#elementor-action%3Aaction%3Dlightbox%26settings%3DeyJpZCI6MzU1MCwidXJsIjoiaHR0cHM6XC9cL2dhc3Rob2YtcGVuc2lvbi1qYWVnZXIuYXRcL3dwLWNvbnRlbnRcL3VwbG9hZHNcLzIwMjVcLzAzXC81NTIyMjhfb3JpZ2luYWxfcl9rX2JfYnlfcGV0ZXItc21vbGFfcGl4ZWxpby5kLmpwZyIsInNsaWRlc2hvdyI6IjAyNGVmYWMifQ%3D%3D\">\n\t\t\t\t\t<div class=\"e-gallery-image elementor-gallery-item__image\" data-thumbnail=\"https:\/\/gasthof-pension-jaeger.at\/wp-content\/uploads\/2025\/03\/552228_original_r_k_b_by_peter-smola_pixelio.d.jpg\" data-width=\"801\" data-height=\"600\" aria-label=\"\" role=\"img\" ><\/div>\n\t\t\t\t\t\t\t\t\t\t\t<div class=\"elementor-gallery-item__overlay\"><\/div>\n\t\t\t\t\t\t\t\t\t\t\t\t\t\t<\/a>\n\t\t\t\t\t\t\t<a class=\"e-gallery-item elementor-gallery-item elementor-animated-content\" href=\"https:\/\/gasthof-pension-jaeger.at\/wp-content\/uploads\/2025\/04\/WhatsApp-Bild-2025-04-02-um-07.16.56_3b7cb153.jpg\" data-elementor-open-lightbox=\"yes\" data-elementor-lightbox-slideshow=\"024efac\" data-e-action-hash=\"#elementor-action%3Aaction%3Dlightbox%26settings%3DeyJpZCI6Mzk5NywidXJsIjoiaHR0cHM6XC9cL2dhc3Rob2YtcGVuc2lvbi1qYWVnZXIuYXRcL3dwLWNvbnRlbnRcL3VwbG9hZHNcLzIwMjVcLzA0XC9XaGF0c0FwcC1CaWxkLTIwMjUtMDQtMDItdW0tMDcuMTYuNTZfM2I3Y2IxNTMuanBnIiwic2xpZGVzaG93IjoiMDI0ZWZhYyJ9\">\n\t\t\t\t\t<div class=\"e-gallery-image elementor-gallery-item__image\" data-thumbnail=\"https:\/\/gasthof-pension-jaeger.at\/wp-content\/uploads\/2025\/04\/WhatsApp-Bild-2025-04-02-um-07.16.56_3b7cb153.jpg\" data-width=\"1600\" data-height=\"813\" aria-label=\"\" role=\"img\" ><\/div>\n\t\t\t\t\t\t\t\t\t\t\t<div class=\"elementor-gallery-item__overlay\"><\/div>\n\t\t\t\t\t\t\t\t\t\t\t\t\t\t<\/a>\n\t\t\t\t\t\t\t<a class=\"e-gallery-item elementor-gallery-item elementor-animated-content\" href=\"https:\/\/gasthof-pension-jaeger.at\/wp-content\/uploads\/2025\/04\/WhatsApp-Bild-2025-04-02-um-07.16.56_94614b38.jpg\" data-elementor-open-lightbox=\"yes\" data-elementor-lightbox-slideshow=\"024efac\" data-e-action-hash=\"#elementor-action%3Aaction%3Dlightbox%26settings%3DeyJpZCI6Mzk5OCwidXJsIjoiaHR0cHM6XC9cL2dhc3Rob2YtcGVuc2lvbi1qYWVnZXIuYXRcL3dwLWNvbnRlbnRcL3VwbG9hZHNcLzIwMjVcLzA0XC9XaGF0c0FwcC1CaWxkLTIwMjUtMDQtMDItdW0tMDcuMTYuNTZfOTQ2MTRiMzguanBnIiwic2xpZGVzaG93IjoiMDI0ZWZhYyJ9\">\n\t\t\t\t\t<div class=\"e-gallery-image elementor-gallery-item__image\" data-thumbnail=\"https:\/\/gasthof-pension-jaeger.at\/wp-content\/uploads\/2025\/04\/WhatsApp-Bild-2025-04-02-um-07.16.56_94614b38.jpg\" data-width=\"1599\" data-height=\"1200\" aria-label=\"\" role=\"img\" ><\/div>\n\t\t\t\t\t\t\t\t\t\t\t<div class=\"elementor-gallery-item__overlay\"><\/div>\n\t\t\t\t\t\t\t\t\t\t\t\t\t\t<\/a>\n\t\t\t\t\t\t\t<a class=\"e-gallery-item elementor-gallery-item elementor-animated-content\" href=\"https:\/\/gasthof-pension-jaeger.at\/wp-content\/uploads\/2025\/04\/WhatsApp-Bild-2025-04-02-um-07.16.56_e6bd0cf0.jpg\" data-elementor-open-lightbox=\"yes\" data-elementor-lightbox-slideshow=\"024efac\" data-e-action-hash=\"#elementor-action%3Aaction%3Dlightbox%26settings%3DeyJpZCI6Mzk5OSwidXJsIjoiaHR0cHM6XC9cL2dhc3Rob2YtcGVuc2lvbi1qYWVnZXIuYXRcL3dwLWNvbnRlbnRcL3VwbG9hZHNcLzIwMjVcLzA0XC9XaGF0c0FwcC1CaWxkLTIwMjUtMDQtMDItdW0tMDcuMTYuNTZfZTZiZDBjZjAuanBnIiwic2xpZGVzaG93IjoiMDI0ZWZhYyJ9\">\n\t\t\t\t\t<div class=\"e-gallery-image elementor-gallery-item__image\" data-thumbnail=\"https:\/\/gasthof-pension-jaeger.at\/wp-content\/uploads\/2025\/04\/WhatsApp-Bild-2025-04-02-um-07.16.56_e6bd0cf0.jpg\" data-width=\"620\" data-height=\"1600\" aria-label=\"\" role=\"img\" ><\/div>\n\t\t\t\t\t\t\t\t\t\t\t<div class=\"elementor-gallery-item__overlay\"><\/div>\n\t\t\t\t\t\t\t\t\t\t\t\t\t\t<\/a>\n\t\t\t\t\t<\/div>\n\t\t\t\t\t<\/div>\n\t\t\t\t<\/div>\n\t\t\t\t<div class=\"elementor-element elementor-element-a312d3c elementor-widget-mobile__width-initial elementor-widget elementor-widget-spacer\" data-id=\"a312d3c\" data-element_type=\"widget\" data-widget_type=\"spacer.default\">\n\t\t\t\t\t\t\t<div class=\"elementor-spacer\">\n\t\t\t<div class=\"elementor-spacer-inner\"><\/div>\n\t\t<\/div>\n\t\t\t\t\t\t<\/div>\n\t\t<div class=\"elementor-element elementor-element-0d7584f e-con-full e-flex e-con e-child\" data-id=\"0d7584f\" data-element_type=\"container\">\n\t\t\t\t<div class=\"elementor-element elementor-element-db00343 elementor-widget elementor-widget-text-editor\" data-id=\"db00343\" data-element_type=\"widget\" data-widget_type=\"text-editor.default\">\n\t\t\t\t\t\t\t\t\t<div class=\"paragraph\"><ul><li>Gutb\u00fcrgerliche K\u00fcche<\/li><li>K\u00e4rntner Schmankerln<\/li><li>Hauseigene Brettljause<\/li><li>Spezialit\u00e4ten: Ripperlessen und Backhendl auf Vorbestellung<\/li><\/ul><\/div><div class=\"paragraph\"><ul><li>Gastzimmer und Saal mit herrlichem Karawankenpanorama<\/li><li>Sch\u00f6ne, gro\u00dfe Terrasse mit wunderbarem Ausblick<\/li><li>Der Gasthof bietet Platz f\u00fcr bis zu 100 Personen<\/li><li>Platz f\u00fcr Veranstaltungen<\/li><li>In der Sommersaison t\u00e4glich warme K\u00fcche (Mittag und Abend)<\/li><li>In der Wintersaison gerne warme K\u00fcche auf Vorbestellung<\/li><\/ul><\/div>\t\t\t\t\t\t\t\t<\/div>\n\t\t\t\t<div class=\"elementor-element elementor-element-f55ded6 elementor-widget elementor-widget-spacer\" data-id=\"f55ded6\" data-element_type=\"widget\" data-widget_type=\"spacer.default\">\n\t\t\t\t\t\t\t<div class=\"elementor-spacer\">\n\t\t\t<div class=\"elementor-spacer-inner\"><\/div>\n\t\t<\/div>\n\t\t\t\t\t\t<\/div>\n\t\t\t\t<div class=\"elementor-element elementor-element-e96f4de elementor-widget elementor-widget-image\" data-id=\"e96f4de\" data-element_type=\"widget\" data-widget_type=\"image.default\">\n\t\t\t\t\t\t\t\t\t\t\t\t\t\t\t<img fetchpriority=\"high\" decoding=\"async\" width=\"1024\" height=\"397\" src=\"https:\/\/gasthof-pension-jaeger.at\/wp-content\/uploads\/2025\/04\/Jause_zum_abholen-1024x397.jpg\" class=\"attachment-large size-large wp-image-4001\" alt=\"\" srcset=\"https:\/\/gasthof-pension-jaeger.at\/wp-content\/uploads\/2025\/04\/Jause_zum_abholen-1024x397.jpg 1024w, https:\/\/gasthof-pension-jaeger.at\/wp-content\/uploads\/2025\/04\/Jause_zum_abholen-1536x595.jpg 1536w, https:\/\/gasthof-pension-jaeger.at\/wp-content\/uploads\/2025\/04\/Jause_zum_abholen-300x116.jpg 300w, https:\/\/gasthof-pension-jaeger.at\/wp-content\/uploads\/2025\/04\/Jause_zum_abholen-768x298.jpg 768w, https:\/\/gasthof-pension-jaeger.at\/wp-content\/uploads\/2025\/04\/Jause_zum_abholen.jpg 1600w\" sizes=\"(max-width: 1024px) 100vw, 1024px\" \/>\t\t\t\t\t\t\t\t\t\t\t\t\t\t\t<\/div>\n\t\t\t\t<div class=\"elementor-element elementor-element-85c3140 elementor-widget elementor-widget-text-editor\" data-id=\"85c3140\" data-element_type=\"widget\" data-widget_type=\"text-editor.default\">\n\t\t\t\t\t\t\t\t\t<p><strong>Jause zum bestellen und\u00a0abholen<\/strong><\/p>\t\t\t\t\t\t\t\t<\/div>\n\t\t\t\t<\/div>\n\t\t\t\t<\/div>\n\t\t<div class=\"elementor-element elementor-element-6beecd9 e-flex e-con-boxed e-con e-parent\" data-id=\"6beecd9\" data-element_type=\"container\">\n\t\t\t\t\t<div class=\"e-con-inner\">\n\t\t\t\t<div class=\"elementor-element elementor-element-9f2ee93 elementor-widget elementor-widget-the7-heading\" data-id=\"9f2ee93\" data-element_type=\"widget\" data-widget_type=\"the7-heading.default\">\n\t\t\t\t<div class=\"elementor-widget-container\">\n\t\t\t\t\t<h2 class=\"the7-heading-title elementor-size-default\">\u00d6ffnungszeiten<\/h2>\t\t\t\t<\/div>\n\t\t\t\t<\/div>\n\t\t\t\t\t<\/div>\n\t\t\t\t<\/div>\n\t\t<div class=\"elementor-element elementor-element-e3478da e-flex e-con-boxed e-con e-parent\" data-id=\"e3478da\" data-element_type=\"container\">\n\t\t\t\t\t<div class=\"e-con-inner\">\n\t\t<div class=\"elementor-element elementor-element-48de03f e-con-full e-flex e-con e-child\" data-id=\"48de03f\" data-element_type=\"container\">\n\t\t\t\t<div class=\"elementor-element elementor-element-16624dc elementor-widget elementor-widget-text-editor\" data-id=\"16624dc\" data-element_type=\"widget\" data-widget_type=\"text-editor.default\">\n\t\t\t\t\t\t\t\t\t<p><b>Winter:<\/b><br \/><b>Mittwoch &#8211; Sonntag<\/b><br \/>16:00 &#8211; 22:00 Uhr<br \/><br \/><\/p>\t\t\t\t\t\t\t\t<\/div>\n\t\t\t\t<\/div>\n\t\t<div class=\"elementor-element elementor-element-502fc5a e-con-full e-flex e-con e-child\" data-id=\"502fc5a\" data-element_type=\"container\">\n\t\t\t\t<div class=\"elementor-element elementor-element-87a8dda elementor-widget elementor-widget-text-editor\" data-id=\"87a8dda\" data-element_type=\"widget\" data-widget_type=\"text-editor.default\">\n\t\t\t\t\t\t\t\t\t<p><b>Sommer:<br \/>Juli &amp; August<\/b><br \/>Mittwoch &#8211; Sonntag<br \/>16:00 &#8211; 22:00 Uhr<\/p>\t\t\t\t\t\t\t\t<\/div>\n\t\t\t\t<\/div>\n\t\t\t\t\t<\/div>\n\t\t\t\t<\/div>\n\t\t<div class=\"elementor-element elementor-element-8a95cd3 e-flex e-con-boxed e-con e-parent\" data-id=\"8a95cd3\" data-element_type=\"container\">\n\t\t\t\t\t<div class=\"e-con-inner\">\n\t\t<div class=\"elementor-element elementor-element-b85d3a2 e-con-full e-flex e-con e-child\" data-id=\"b85d3a2\" data-element_type=\"container\">\n\t\t\t\t<div class=\"elementor-element elementor-element-85ada36 elementor-widget elementor-widget-text-editor\" data-id=\"85ada36\" data-element_type=\"widget\" data-widget_type=\"text-editor.default\">\n\t\t\t\t\t\t\t\t\t<p>Besondere \u00d6ffnungszeiten nach telefonischer Anfrage jederzeit m\u00f6glich.<\/p>\t\t\t\t\t\t\t\t<\/div>\n\t\t\t\t<\/div>\n\t\t\t\t\t<\/div>\n\t\t\t\t<\/div>\n\t\t<div class=\"elementor-element elementor-element-18df5c3 e-flex e-con-boxed e-con e-parent\" data-id=\"18df5c3\" data-element_type=\"container\">\n\t\t\t\t\t<div class=\"e-con-inner\">\n\t\t\t\t<div class=\"elementor-element elementor-element-d61a40a elementor-widget-divider--view-line elementor-widget elementor-widget-divider\" data-id=\"d61a40a\" data-element_type=\"widget\" data-widget_type=\"divider.default\">\n\t\t\t\t\t\t\t<div class=\"elementor-divider\">\n\t\t\t<span class=\"elementor-divider-separator\">\n\t\t\t\t\t\t<\/span>\n\t\t<\/div>\n\t\t\t\t\t\t<\/div>\n\t\t\t\t\t<\/div>\n\t\t\t\t<\/div>\n\t\t<div class=\"elementor-element elementor-element-9b32f86 e-flex e-con-boxed e-con e-parent\" data-id=\"9b32f86\" data-element_type=\"container\">\n\t\t\t\t\t<div class=\"e-con-inner\">\n\t\t\t\t<div class=\"elementor-element elementor-element-1b6ede8 elementor-widget elementor-widget-the7-heading\" data-id=\"1b6ede8\" data-element_type=\"widget\" data-widget_type=\"the7-heading.default\">\n\t\t\t\t<div class=\"elementor-widget-container\">\n\t\t\t\t\t<h2 class=\"the7-heading-title elementor-size-default\">Seminarraum<\/h2>\t\t\t\t<\/div>\n\t\t\t\t<\/div>\n\t\t\t\t\t<\/div>\n\t\t\t\t<\/div>\n\t\t<div class=\"elementor-element elementor-element-65bc703 e-flex e-con-boxed e-con e-parent\" data-id=\"65bc703\" data-element_type=\"container\">\n\t\t\t\t\t<div class=\"e-con-inner\">\n\t\t<div class=\"elementor-element elementor-element-f01184d e-con-full e-flex e-con e-child\" data-id=\"f01184d\" data-element_type=\"container\">\n\t\t\t\t<div class=\"elementor-element elementor-element-065a09b elementor-widget-mobile__width-initial elementor-widget elementor-widget-text-editor\" data-id=\"065a09b\" data-element_type=\"widget\" data-widget_type=\"text-editor.default\">\n\t\t\t\t\t\t\t\t\t<h5>Wir bieten Ihnen Platz f\u00fcr Veranstaltungen jeglicher Art<\/h5><ul><li>Taufe<\/li><li>Hochzeitstafel<\/li><li>Geburtstag<\/li><li>Firmenfeier<\/li><li>Seminare und Weiterbildungen<\/li><li>und vieles mehr&#8230;<\/li><\/ul>\t\t\t\t\t\t\t\t<\/div>\n\t\t\t\t<\/div>\n\t\t<div class=\"elementor-element elementor-element-3534a15 e-con-full e-flex e-con e-child\" data-id=\"3534a15\" data-element_type=\"container\">\n\t\t\t\t<div class=\"elementor-element elementor-element-92d08b9 elementor-widget elementor-widget-image\" data-id=\"92d08b9\" data-element_type=\"widget\" data-widget_type=\"image.default\">\n\t\t\t\t\t\t\t\t\t\t\t\t<figure class=\"wp-caption\">\n\t\t\t\t\t\t\t\t\t\t<img decoding=\"async\" width=\"1920\" height=\"1282\" src=\"https:\/\/gasthof-pension-jaeger.at\/wp-content\/uploads\/2025\/03\/seminarraum01.jpg\" class=\"attachment-full size-full wp-image-3673\" alt=\"\" srcset=\"https:\/\/gasthof-pension-jaeger.at\/wp-content\/uploads\/2025\/03\/seminarraum01.jpg 1920w, https:\/\/gasthof-pension-jaeger.at\/wp-content\/uploads\/2025\/03\/seminarraum01-1536x1026.jpg 1536w, https:\/\/gasthof-pension-jaeger.at\/wp-content\/uploads\/2025\/03\/seminarraum01-300x200.jpg 300w, https:\/\/gasthof-pension-jaeger.at\/wp-content\/uploads\/2025\/03\/seminarraum01-768x513.jpg 768w, https:\/\/gasthof-pension-jaeger.at\/wp-content\/uploads\/2025\/03\/seminarraum01-1024x684.jpg 1024w\" sizes=\"(max-width: 1920px) 100vw, 1920px\" \/>\t\t\t\t\t\t\t\t\t\t\t<figcaption class=\"widget-image-caption wp-caption-text\"><\/figcaption>\n\t\t\t\t\t\t\t\t\t\t<\/figure>\n\t\t\t\t\t\t\t\t\t<\/div>\n\t\t\t\t<\/div>\n\t\t\t\t\t<\/div>\n\t\t\t\t<\/div>\n\t\t<div class=\"elementor-element elementor-element-7e48a10 e-flex e-con-boxed e-con e-parent\" data-id=\"7e48a10\" data-element_type=\"container\">\n\t\t\t\t\t<div class=\"e-con-inner\">\n\t\t<div class=\"elementor-element elementor-element-d6f0610 e-con-full e-flex e-con e-child\" data-id=\"d6f0610\" data-element_type=\"container\">\n\t\t\t\t<div class=\"elementor-element elementor-element-5f67714 elementor-widget elementor-widget-image\" data-id=\"5f67714\" data-element_type=\"widget\" data-widget_type=\"image.default\">\n\t\t\t\t\t\t\t\t\t\t\t\t<figure class=\"wp-caption\">\n\t\t\t\t\t\t\t\t\t\t<img decoding=\"async\" width=\"2048\" height=\"1326\" src=\"https:\/\/gasthof-pension-jaeger.at\/wp-content\/uploads\/2025\/03\/seminarraum03.jpg\" class=\"attachment-full size-full wp-image-3672\" alt=\"\" srcset=\"https:\/\/gasthof-pension-jaeger.at\/wp-content\/uploads\/2025\/03\/seminarraum03.jpg 2048w, https:\/\/gasthof-pension-jaeger.at\/wp-content\/uploads\/2025\/03\/seminarraum03-1536x995.jpg 1536w, https:\/\/gasthof-pension-jaeger.at\/wp-content\/uploads\/2025\/03\/seminarraum03-300x194.jpg 300w, https:\/\/gasthof-pension-jaeger.at\/wp-content\/uploads\/2025\/03\/seminarraum03-768x497.jpg 768w, https:\/\/gasthof-pension-jaeger.at\/wp-content\/uploads\/2025\/03\/seminarraum03-1024x663.jpg 1024w\" sizes=\"(max-width: 2048px) 100vw, 2048px\" \/>\t\t\t\t\t\t\t\t\t\t\t<figcaption class=\"widget-image-caption wp-caption-text\"><\/figcaption>\n\t\t\t\t\t\t\t\t\t\t<\/figure>\n\t\t\t\t\t\t\t\t\t<\/div>\n\t\t\t\t<\/div>\n\t\t<div class=\"elementor-element elementor-element-9b3ec5b e-con-full e-flex e-con e-child\" data-id=\"9b3ec5b\" data-element_type=\"container\">\n\t\t\t\t<div class=\"elementor-element elementor-element-282698a elementor-widget__width-initial elementor-widget-mobile__width-initial elementor-widget elementor-widget-text-editor\" data-id=\"282698a\" data-element_type=\"widget\" data-widget_type=\"text-editor.default\">\n\t\t\t\t\t\t\t\t\t<h5>Tagungsraum f\u00fcr bis zu 30 Teilnehmer<\/h5>\n<ul>\n<li>Beameranschluss<\/li>\n<li>Dia-Projektor Anschluss<\/li>\n<li>Digitalkamera<\/li>\n<li>Fotoapparat<\/li>\n<li>Internetanschluss (WLAN)<\/li>\n<li>Leinwand<\/li>\n<li>Videocamcorder<\/li>\n<li>Tagungsgastronomie<\/li>\n<li>DVD-Player<\/li>\n<li>\u00dcbernachtungsm\u00f6glichkeit<\/li>\n<\/ul>\t\t\t\t\t\t\t\t<\/div>\n\t\t\t\t<\/div>\n\t\t\t\t\t<\/div>\n\t\t\t\t<\/div>\n\t\t<div class=\"elementor-element elementor-element-565b7bd e-flex e-con-boxed e-con e-parent\" data-id=\"565b7bd\" data-element_type=\"container\">\n\t\t\t\t\t<div class=\"e-con-inner\">\n\t\t\t\t<div class=\"elementor-element elementor-element-168a3b4 elementor-widget elementor-widget-spacer\" data-id=\"168a3b4\" data-element_type=\"widget\" data-widget_type=\"spacer.default\">\n\t\t\t\t\t\t\t<div class=\"elementor-spacer\">\n\t\t\t<div class=\"elementor-spacer-inner\"><\/div>\n\t\t<\/div>\n\t\t\t\t\t\t<\/div>\n\t\t\t\t\t<\/div>\n\t\t\t\t<\/div>\n\t\t\t\t<\/div>\n\t\t","protected":false},"excerpt":{"rendered":"<p>Gutb\u00fcrgerliche K\u00fcche K\u00e4rntner Schmankerln Hauseigene Brettljause Spezialit\u00e4ten: Ripperlessen und Backhendl auf Vorbestellung Gastzimmer und Saal mit herrlichem Karawankenpanorama Sch\u00f6ne, gro\u00dfe Terrasse mit wunderbarem Ausblick Der Gasthof bietet Platz f\u00fcr bis zu 100 Personen Platz f\u00fcr Veranstaltungen In der Sommersaison t\u00e4glich warme K\u00fcche (Mittag und Abend) In der Wintersaison gerne warme K\u00fcche auf Vorbestellung Jause zum&hellip;<\/p>\n","protected":false},"author":1,"featured_media":3627,"parent":12,"menu_order":0,"comment_status":"closed","ping_status":"closed","template":"","meta":{"footnotes":""},"class_list":["post-3625","page","type-page","status-publish","has-post-thumbnail","hentry"],"_links":{"self":[{"href":"https:\/\/gasthof-pension-jaeger.at\/index.php?rest_route=\/wp\/v2\/pages\/3625","targetHints":{"allow":["GET"]}}],"collection":[{"href":"https:\/\/gasthof-pension-jaeger.at\/index.php?rest_route=\/wp\/v2\/pages"}],"about":[{"href":"https:\/\/gasthof-pension-jaeger.at\/index.php?rest_route=\/wp\/v2\/types\/page"}],"author":[{"embeddable":true,"href":"https:\/\/gasthof-pension-jaeger.at\/index.php?rest_route=\/wp\/v2\/users\/1"}],"replies":[{"embeddable":true,"href":"https:\/\/gasthof-pension-jaeger.at\/index.php?rest_route=%2Fwp%2Fv2%2Fcomments&post=3625"}],"version-history":[{"count":76,"href":"https:\/\/gasthof-pension-jaeger.at\/index.php?rest_route=\/wp\/v2\/pages\/3625\/revisions"}],"predecessor-version":[{"id":4018,"href":"https:\/\/gasthof-pension-jaeger.at\/index.php?rest_route=\/wp\/v2\/pages\/3625\/revisions\/4018"}],"up":[{"embeddable":true,"href":"https:\/\/gasthof-pension-jaeger.at\/index.php?rest_route=\/wp\/v2\/pages\/12"}],"wp:featuredmedia":[{"embeddable":true,"href":"https:\/\/gasthof-pension-jaeger.at\/index.php?rest_route=\/wp\/v2\/media\/3627"}],"wp:attachment":[{"href":"https:\/\/gasthof-pension-jaeger.at\/index.php?rest_route=%2Fwp%2Fv2%2Fmedia&parent=3625"}],"curies":[{"name":"wp","href":"https:\/\/api.w.org\/{rel}","templated":true}]}}